9. Let g = -54 + 51. Let s(k) = k**3 - 15*k**2 + 19*k - 8. Let p(d) = g*s(d) + 2*w(d). What is the units digit of p(-16)?
2
Suppose 20 = m - 5*l, -46 = -2*m - 0*m + 4*l. Suppose -3*a = -161 - m. What is the units digit of a?
2
Let f(z) = -2*z**2 + 35*z + 212. Let h be f(-14). Let g = 2077 + h. What is the tens digit of g?
0
Let p(s) = 75*s - 782. What is the tens digit of p(18)?
6
Suppose 2*b - 3*b - 237 = 5*t, -2*b = -t - 43. Let z = -41 - t. What is the units digit of (z - 5)/(294/292 + -1)?
6
Let x = 9676 - 8726. What is the hundreds digit of x?
9
Let h = -6869 + 12361. What is the units digit of h?
2
Let o(w) = w**3 + 4*w**2 - 6*w - 5. Let k be o(-5). Let v be 4/(-1) + k - -8. Suppose u - 106 = -4*h, h + 439 = v*u + 2*h. What is the units digit of u?
0
Let l = -107 + 61. Let n = 45 + l. What is the units digit of (n/(-3))/(2008/(-402) + 5)?
7
Suppose 0 = 3*l - 12. Let q(d) = -16*d + 16. Let o(n) = -2*n + 3. Let z(r) = 11*o(r) - 2*q(r). What is the tens digit of z(l)?
4
Let s = -28 + 27. Let h = -24 + s. Let i = 53 + h. What is the tens digit of i?
2
Let l(g) = g**3 + 11*g**2 - 20*g - 7. Let a be l(3). What is the units digit of (-10250)/(-95) - (a/(-19) - -3)?
8
Let q be 2*(-2)/(-18) - 4510/45. Let g = -64 - q. What is the units digit of g?
6
Suppose 4*s + 5*q = 398, -4*q - 5 = 3. What is the units digit of s/238 + 4936/14?
3
Let i(y) = -y + 11. Let z be i(-8). Suppose -264 = -16*j + 24. Suppose z*b - 14 = j*b. What is the tens digit of b?
1
Suppose 5 = y + 42. Let x = y - -222. What is the tens digit of x?
8
Suppose -38 + 2 = 12*p. What is the units digit of (465/10)/31*(-194)/p?
7
Let o = 43273 - 29505. What is the thousands digit of o?
3
Let r(z) = -9*z + 30. Let p be r(3). Suppose -2*x - 3*x + 335 = -p*t, -2*t - 67 = -x. What is the tens digit of x?
6
Let d be 6*(-14)/(-21)*1. Let k = d + 90. What is the tens digit of k?
9
Let n(y) = -3595*y - 9608. What is the ten thousands digit of n(-6)?
1
Suppose -16*o = 34*o - 208*o + 8018816. What is the ten thousands digit of o?
5
Let p be 17/(1/12*4). Suppose 0 = -56*l + p*l - 210. What is the tens digit of 0 - (676/(-14) - 12/l)?
4
Let y = 115 - 113. Let q be (y/10)/(2/30) - -138. Suppose q = 22*b - 19*b. What is the units digit of b?
7
Let n be (-1)/3 + 386/6. Let s = 64 - n. Suppose s = -3*o + 23 + 274. What is the units digit of o?
9
Let a(m) = -2*m**2 - 25*m - 6. Let y be a(-12). Suppose 2 = 2*b, b + 7 = 2*t - y. Suppose t*r - 6*r - 88 = 0. What is the units digit of r?
8
Suppose 0 = 26*s - 40*s + 52486. What is the units digit of s?
9
Suppose -5*h = 5 - 15. Suppose -d - 1177 = -3*c, 5*d + h = -c + 389. What is the tens digit of c?
9
Suppose -231*n + 248*n = 79645. What is the hundreds digit of n?
6
Let f = 4466 - -4713. What is the units digit of f?
9
Let d be 3 + (-2 - 0 - (-222)/6). Suppose 1 = -3*a - d. Let x(h) = h**3 + 13*h**2 - 5*h + 23. What is the tens digit of x(a)?
8
Let w(z) = -15*z - 21*z - 73*z - 14 + 20*z. Let o be w(-10). Suppose -5*x + o = 91. What is the units digit of x?
7
Suppose 26*z - 19*z = 0. Suppose z = 3*o + 2*f - 1067, 5*o - 1365 = -2*f + 408. What is the tens digit of o?
5
What is the thousands digit of (3/(-3))/(-6) - 22910445/(-486)?
7
Suppose -9601 = -8*f + 8599. Suppose -2*b - f = -7*b + 5*x, 4*b - 1812 = -4*x. What is the hundreds digit of b?
4
Suppose -3 = 3*i - 2*u - 11, -5*i - 12 = 3*u. Let v be (i - 0)/(15 - 16). What is the hundreds digit of 4/2 - (-192 - v)?
1
Let m(q) = 78*q**2 - 80*q + 798. What is the tens digit of m(14)?
6
Suppose 74935 = 2*p - 5*a, -4*p + 149865 = -52*a + 47*a. What is the ten thousands digit of p?
3
What is the units digit of (-481230)/60*(-16)/12?
4
Let l(w) be the third derivative of w**6/80 + w**5/120 - 7*w**4/12 - 10*w**2. Let z(t) be the second derivative of l(t). What is the units digit of z(3)?
8
Let u be 108/63 + (-2)/(-7) - -46. Let f = 52 - u. Suppose 73 = 2*c - 5*q, c - 41 = 2*q - f*q. What is the tens digit of c?
3
What is the hundreds digit of (-2868)/6*(-18 - -4)?
6
Suppose -20*i + i = 56*i - 1864575. What is the hundreds digit of i?
8
Suppose -8*f + 6*f + 3*t = -17, -3*t + 25 = 4*f. Let o = -4 - -7. Suppose o*n - f*n - 4*p = -800, 5*n + 3*p = 996. What is the units digit of n?
8
Suppose -2*z = -f + 10, -4*f + 44 = -z - 3*z. Let s be 14/42*f/1. What is the units digit of ((-55)/15 + s)*3?
1
Suppose 0 = 2*d + 4*r - 6552 - 8074, d - 7301 = -4*r. What is the thousands digit of d?
7
Suppose g + 113010 = 4*k, -14757 - 13467 = -k + 5*g. What is the thousands digit of k?
8
Let a(v) be the third derivative of 8*v**5/5 - 3*v**4/4 + v**3/3 - 27*v**2. What is the units digit of a(2)?
0
Let v(r) = -r**3 + 6*r**2 - 4*r. Let q be v(5). Suppose -w - h - 399 = -1348, 5*h - q = 0. What is the units digit of w/18 - 5 - 4/6?
7
Let g be ((-48)/(-56))/((-2)/(-7)). Suppose 20 = 5*d, 10 + 14 = -4*y - g*d. What is the units digit of 2/y - (6 + (-2080)/45)?
0
Suppose 55 + 23 = 2*w. Let o = 42 - w. Suppose -s - 5*t - 131 = -o*s, -3*s + 4*t + 200 = 0. What is the tens digit of s?
6
Let u(z) = 499*z**2 + 288*z - 16. What is the ten thousands digit of u(5)?
1
Let s(b) = -6*b - 198. Let k be s(-13). Let u = 275 + k. What is the tens digit of u?
5
Suppose 2*x + 11 = 3*g - 15, 32 = 4*g - 2*x. What is the tens digit of g/(435/(-111) + 4)?
7
Let p = -20 + 11. Let x(a) = a**2 + 11*a + 1. Let g(n) = 2*n**2 + 29*n + 6. Let t(d) = -g(d) + 3*x(d). What is the units digit of t(p)?
2
Let u(m) = 8*m**2 - 2676*m - 18. What is the ten thousands digit of u(-13)?
3
Let t = 11 - 4. Suppose -4*s - d = -28, 11*s - t*s + 2*d - 32 = 0. What is the tens digit of ((-145)/10)/((-1)/s)?
8
Let a(v) = -31*v + 2. Let p be a(-1). Let l = p + -35. What is the tens digit of 5 + -2 - -43 - 1*l?
4
Let r(t) = -4*t**3 - t**2 - t - 7. Let w(n) = -3*n**3 - 2*n**2 - 4*n - 7. Let c(q) = -2*r(q) + 3*w(q). Let o = 4 + -10. What is the units digit of c(o)?
5
Let u(v) = -v - 3. Let b = -111 - -106. Let l be u(b). Suppose 3*c - 187 = -l*m + 2*c, c = 5. What is the units digit of m?
1
Let m be (2 + -417)/1*58/(-58). Let q = m - 114. What is the units digit of q?
1
Suppose 0 = -g + 3*z + 30925, -7409 = -g + 4*z + 23523. What is the ten thousands digit of g?
3
Suppose n = 0, -1278 = z - 3*z + 3*n. Suppose 0 = 6*m + 423 - z. What is the units digit of m?
6
Let v(o) = -o**3 - 2*o**2 - o - 6. Let y be v(-3). Suppose -f - y = 2*f, -4*k - 40 = 4*f. Let g = k - -51. What is the units digit of g?
3
Suppose p + 1 + 2 = 5*o, -5*p + 5*o = -85. Suppose p*b - 9765 = 15*b. What is the hundreds digit of b?
3
Let j(x) = 14*x**2 - 34*x - 8. Let d be j(-11). What is the tens digit of (-3)/(-2 - (-4108)/d)?
1
Suppose 0 = -5*f + 636 + 84. Let q = -62 + f. What is the units digit of q?
2
Let v = -82 - -116. Suppose 11809 = v*q - 363. What is the tens digit of q?
5
Suppose 8*h - 6*s = 7*h + 8403, h - 4*s - 8409 = 0. What is the units digit of h?
1
Suppose -5*z = -3*w - 206, 4*z - 3*w = 2*z + 77. Suppose -x = 5*d - z - 155, -2*d + 4*x + 88 = 0. Let o = d + -28. What is the tens digit of o?
1
Let p(m) be the first derivative of m**2 - 8*m - 1. Let l be p(10). Suppose -203 = -5*y + l. What is the units digit of y?
3
Let d = 33435 + -14858. What is the thousands digit of d?
8
Suppose 11*y + 0*y - 111133 = 0. Suppose -y = -20*x - 1703. What is the hundreds digit of x?
4
What is the hundreds digit of (10 - 206547/(-66))*(-2)/(-3)?
0
Suppose w - 19394 = -3*v, 26415 = 2*w - v - 12338. What is the hundreds digit of w?
3
Suppose 11*o + 18 = 15*o - 2*p, 0 = 4*o + 5*p + 3. Suppose 5*n = -10, -o*i = -6*i - 4*n + 256. What is the units digit of i?
8
Let y(f) = 72*f**2 - 61*f + 4. What is the thousands digit of y(7)?
3
Let l = -4778 - -7420. What is the thousands digit of l?
2
Suppose -34688 - 36736 = -9*o. What is the thousands digit of o?
7
What is the units digit of (-103 - -113)/((-10)/(-21428))?
8
Let b = -2816 + 5644. Suppose 10*q - 692 = b. Suppose n + 2*n - q = -2*s, -5*s + 25 = 0. What is the hundreds digit of n?
1
Let m(o) = 391*o - 1858. What is the ten thousands digit of m(32)?
1
Suppose 0 = -10*j + 9*j + 5*p + 65, -4*p + 252 = 3*j. Suppose 4*d + j = 3*y - 245, -320 = 4*d - 4*y. Let l = 102 + d. What is the tens digit of l?
1
Let k(x) = -7*x**2 + 3*x**3 - 11*x - x**3 - x**3 + 14. Let i be k(6). Let a = i - -1